8 = -w + 7. Let o = r + 11. Suppose 0 = 5*t - o*u, 0 = 2*t + 2*t - 3*u + 3. Let p(a) = -a**2 + a + 4. Give p(t).
-2
Let w(b) = -26*b - 2. Let i(l) = 26*l + 3. Let c(s) = -3*i(s) - 4*w(s). Let x = 147 + -146. Calculate c(x).
25
Let b(f) = f**3 + 4*f**2 - 4*f + 6. Let v be 4*(76/(-16) + 3). Suppose n = 3*a + 2*n + 38, 4*n = -a - 20. Let g = a - v. Determine b(g).
1
Let w be (-1)/(3 - 39/12). Suppose 8 + w = 4*i. Suppose -15 = -5*g - i*m, 5*m + 1 = -4*g - 0. Let c(f) = f**2 - 7*f + 8. Calculate c(g).
2
Suppose 0 = 3*j - 0 + 24. Let r be (2*j/4)/(-2). Let b(z) = -z + 3 - 4 - 1. Calculate b(r).
-4
Let s(t) = -t**2 - 1. Let a(g) = g**2 + g. Let o(v) = -2*a(v) - 3*s(v). Let l(y) = -6*y + 81. Let k be l(13). Determine o(k).
6
Let n(b) = 4*b**2 + b**3 - 3*b**2 + 0*b**3 - 2. Let r(i) = -14*i - 534. Let d be r(-38). Determine n(d).
-6
Let p(y) = -y**2 + 21*y - 19. Let f be (-210)/(-126) + (-110)/(-6). Calculate p(f).
1
Let h(t) = -t + 1. Suppose p + 13 = -3*y + 5*p, 0 = 5*y + 2*p + 13. Let v(g) = -g. Let u(a) = y*v(a) + 6*h(a). Calculate u(4).
-6
Let b(r) = -4*r + 11. Let m be ((-48)/30)/(2/(-10)). Let d(n) be the first derivative of 3*n**2/2 - 7*n - 3. Let q(f) = m*d(f) + 5*b(f). What is q(1)?
3
Let g(q) = 1. Let y(a) = a + 4. Let v(k) = -7*g(k) + 3*y(k). Let t be (0 - 2 - 1) + -2. What is v(t)?
-10
Let t(k) be the third derivative of k**4/24 - 7*k**3/3 - 23*k**2. Determine t(11).
-3
Let w(k) be the second derivative of k**5/20 - 5*k**4/12 - k**3 + 7*k**2/2 - 287*k. Suppose 8*l = 5*l + 18. Give w(l).
7
Let u(t) = -5*t**2 + 3*t. Let p(c) = c**3 - 6*c**2 - 6*c - 2. Let v be p(7). Suppose -v*y + 44 = 34. Determine u(y).
-14
Let o be (-9)/(-210)*(-14)/(-72). Let u(m) be the third derivative of 0*m + 10*m**2 + 1/8*m**4 - o*m**6 - 1/2*m**3 + 0 + 0*m**5. Give u(2).
-5
Suppose -10 = 4*n - 3*n. Let y be (14/n + 2)*25/5. Let x(r) = -r**2 + 4*r - 1. Calculate x(y).
2
Let q(u) = 2 - u + 6*u - 4*u + 0*u. Suppose 0 = -3*g + 8*i - 3*i - 37, -30 = 4*g + 3*i. Let j = 6 + g. Calculate q(j).
-1
Suppose 54 + 45 = 9*i. Let x(d) = -4*d + 3*d + 14 - i. What is x(3)?
0
Let t(u) = -u + 2. Let h = -39 - -48. Suppose 4*z + 0*q = -3*q - 11, 0 = -3*q + h. What is t(z)?
7
Let p(f) = -f**3 - 2*f**2 + 2*f - 1. Let v(u) = -6*u**3 - 3*u**2 + 3*u + 2. Let o be v(-2). Suppose -8*n + 8 = o. Determine p(n).
2
Suppose 10 = 5*s - a, 0 = -4*s - 3*a + 43 - 54. Let m(k) = -45*k**2 - k. Give m(s).
-46
Let t(h) be the second derivative of h**5/20 + h**4/4 + h**3/6 - 23*h - 1. Determine t(-2).
2
Let w(i) = 2 + 5 + i - 4 + 1. Let c be w(-3). Let j(k) = -7*k**2 - k. Determine j(c).
-8
Let a(p) be the second derivative of -p**5/20 + 5*p**4/12 + 5*p**3/6 + 3*p**2 - 31*p - 3. Determine a(6).
0
Let c be (4 - (-56)/20) + 4/20. Let t(p) = -p**3 + 6*p**2 + 6*p - 2. Give t(c).
-9
Let o(n) = -n + 2*n + 64*n**2 - 70*n**2 + n**3. Give o(6).
6
Let h(t) = t**2 - t - 1. Let f(k) be the third derivative of k**5/30 - k**4/3 - k**3/2 + 22*k**2. Let v(m) = f(m) - 3*h(m). Let i = 9 + -13. What is v(i)?
4
Let z(h) = -h**3 - 3*h**2 + 22*h + 28*h - 47*h - 4. Let k = -25 + 22. Calculate z(k).
-13
Suppose 40*b - 262 = -62. Let z(k) = 3*k - 23. Give z(b).
-8
Let n(o) = -11*o + 27. Let z(j) = 5*j - 14. Let v(q) = 2*n(q) + 5*z(q). Let a be v(4). Let x(m) = m**2 + 3*m + 1. Give x(a).
5
Let w(q) = -q**3 - 8*q**2 - 13*q. Suppose -3*d + 25 = -3*u + 1, -5*u - d = 28. What is w(u)?
6
Let q(f) = 42 + 2*f + 9*f**2 - 19 - 12 + f**3. Give q(-9).
-7
Let q be (-1 + 0)*(153 - 150). Let p(s) = 2*s**3 + s**2 - 2*s + 7. What is p(q)?
-32
Let t = -280 - -286. Let c(y) = y**3 + 8*y**2 - 10*y - 7. Let q be c(-9). Let u(k) = 2*k**2 + 0*k**3 - 3*k**3 + 2 + 4*k**3 + 6*k - 9*k**q. What is u(t)?
2
Let c(h) = -13*h**3 + 2*h**2 + h. Let z = -222 - -221. Calculate c(z).
14
Let b(s) = -5*s**2 + 30. Let c(i) = 4*i**2 - 23. Let t(p) = 3*b(p) + 4*c(p). Determine t(2).
2
Let s be 6/1 + (-6 - -6). Let h(k) = k - 3. Let q be h(2). Let m(z) = -z + 4. Let c(g) = -1. Let j(x) = q*m(x) - 5*c(x). What is j(s)?
7
Suppose 5*c - 1 = -3*f + 1, 4*f + 5*c = -4. Let h = f - 0. Let b = h + 9. Let g(v) = -3*v + 4. Determine g(b).
-5
Let f(v) = 3*v - 2. Let o be f(-3). Let i = 3 - o. Let t be ((-8)/i)/((-16)/168). Let p(q) = q**3 - 5*q**2 - 6*q - 2. Calculate p(t).
-2
Let o(j) be the third derivative of 0*j**3 + 0 - 8*j**2 + 0*j**4 + 0*j + 1/10*j**5. What is o(-1)?
6
Let b(d) = -d**2 - 7*d + 4. Suppose 4*f - f + 11 = 4*r, -3*f + 1 = 2*r. Let n be 5/5*(r - 0). Suppose 7 + 7 = -n*s. Determine b(s).
4
Let m(y) be the third derivative of y**6/120 + 7*y**5/30 - 3*y**4/4 - 11*y**3/6 - 171*y**2 - y. Give m(-15).
34
Let g = 6 - -14. Suppose -4*l + p = -3*p - 20, -4*p = 20. Suppose 3*o + 2*o - g = l. Let x(y) = -2*y**2 + 7*y - 4. What is x(o)?
-8
Let x(n) be the third derivative of 0*n**3 + 0 + 9*n**2 - 1/12*n**5 + 0*n - 1/6*n**4 - 1/120*n**6. Determine x(-4).
0
Let t(p) = 5*p + 1. Let y(w) = -25*w. Let u be y(-1). Suppose -z - 2*z = -78. Let x = z - u. Calculate t(x).
6
Let p(b) = 4*b + 6. Let f(c) = c**3 + 4*c**2 - 9*c - 2. Let w be f(-6). Suppose -3*q - 6*t = -7*q + 48, 5*q - 5*t - 65 = 0. Let d = q + w. What is p(d)?
-14
Let g be -4 + 1 + 3 - 6. Let r(f) = -3*f**3 + 12*f**2 + 4*f - 4. Let k(v) = 5*v**3 - 18*v**2 - 6*v + 6. Let d(l) = -5*k(l) - 8*r(l). Determine d(g).
14
Let b(k) = 2*k - 2. Let g(r) = 31*r + 7. Let d(m) = -3*b(m) - g(m). Determine d(-1).
36
Let d(j) = 3*j**2 - 9*j + 6. Let k(q) = -2*q**2 + 5*q - 3. Let w(b) = -6*b - 57. Let a be w(-9). Let f(m) = a*d(m) - 5*k(m). Give f(-3).
0
Let t(d) = -d**2 - 11*d - 24. Let g be -9 - ((2 - 7) + 5). Give t(g).
-6
Let m(n) = 0*n + n - 2*n + n**3 - 3 + 3*n + n**2 - 6*n**2. Give m(2).
-11
Let h(y) = -7*y - 4 + 2 + 3 - y**2 - 5. Suppose 0 = 4*o + 92 - 4. Let m = 17 + o. Give h(m).
6
Suppose -4*h - 6 = 2. Let s(u) = -u**2 - u - 1. Let n(y) = 3*y**2 - 2*y + 4. Let o(x) = h*s(x) - n(x). Let b be 3 + (-3 - (-8)/2). Give o(b).
-2
Let p(i) = -i - 2. Suppose 3*j + 51 = k, 2*j = j + 5*k - 3. Let f = j - -19. Let d be 12*3/(-6)*f. Determine p(d).
4
Let g(k) = -2*k + 1. Let t = 12 - 10. Let j = -28 - -41. Suppose 4*z - 7*z + 4*u = -j, -t*z - 6 = u. Calculate g(z).
3
Let l(w) = w**3 - 8*w**2 + 8*w - 7. Let k(n) = 53*n - 99. Let d be k(2). What is l(d)?
0
Let s(d) be the second derivative of -1/12*d**4 - 6*d - d**2 + 0 - d**3. What is s(-6)?
-2
Let b = -22 - -15. Let a(o) = -o**2 - 6*o + 5. What is a(b)?
-2
Let o(l) = l**2 + 11*l + 3. Let t be o(-11). Let u(w) be the third derivative of -w**6/120 + w**5/20 + w**4/24 + 2*w**3/3 + 19*w**2. Calculate u(t).
7
Let h(g) be the third derivative of -7*g**2 + 0*g - 1/24*g**4 - 1/120*g**6 + 0 + 1/6*g**3 - 1/15*g**5. Determine h(-4).
5
Let u be 23/7 + (-4)/14. Let t(w) = 1 - 3 - w**2 - w**3 + w + 0*w**u. Let v be 2*-2 + (-14)/6*330/(-385). Calculate t(v).
0
Let m(g) = 7*g**2 + 7*g - 1. Let a = 98 + -89. Let t(q) = 15*q**2 + 15*q - 2. Let h(i) = a*m(i) - 4*t(i). Calculate h(2).
17
Let t(v) = -v**3 - 5*v**2 - 4*v - 5. Let b(f) = -f - 8. Let i be b(-4). Let h be t(i). Let p(j) = j**3 + 4*j**2 - 2*j + 3. What is p(h)?
-12
Suppose 0*g + 5*g = 30. Suppose -3*i - i = -3*k - 53, 2*i - 24 = 2*k. Let r(q) = -7 - q + q + i - q. Determine r(g).
4
Let h(d) = 2*d + 13. Suppose -5*v - 12 = -2*g, -4*v + 4*g - 20 = 5*g. What is h(v)?
5
Let s(i) = i + i - 3*i. Let k be (1 - 3) + 4 + 10. Let n = k + -13. Determine s(n).
1
Let i(r) = -r. Let q(c) = c**2 - c. Suppose -10 = -3*u + 5*k + 2, -u - 3*k - 10 = 0. Let w(n) = u*q(n) - 4*i(n). Let h be ((-6)/5)/(1/(-5)). Determine w(h).
-6
Let u(i) = i + 16. Let o be u(-14). Let c(d) = -4 + 5*d + o + d**2 + 0. Calculate c(-6).
4
Suppose 13*d + 170 = 3*d. Let u(a) = a**2 + 16*a - 20. What is u(d)?
-3
Let w(d) = -2*d**3 + 3*d**2 - 2*d - 2. Let r = -748 - -750. Give w(r).
-10
Let q(a) = -a + 5. Let d be q(6). Let y be 0 - d*(3 + -1). Let t(w) = -w**2 - 4*w + 2 + 1 + 2*w. Give t(y).
-5
Let v(c) = -c + 7. Let o be v(7). Suppose o = 2*z - 5*z + 33. Let y(d) = -z + 3*d - d**2 - d + 7*d + 3. Determine y(6).
10
Let j(w) = -2 - 4 + 2*w + 10 - 2. Give j(5).
12
Let j(p) = -p**3 - 6*p**2 - 7*p + 2. Suppose -5*u + 21 = a, 0 = -3*a - 2*u + 2 - 4. Determine j(a).
-2
Suppose -3*y + 3 = -z + 5, 10 = 4*y + 5*z. Suppose y = -13*w + 11*w + 10. Let a(l) = 2*l - 4. Determine a(w).
6
Let m(q) = q**2 + 3